ose -7*o = -312 - 304. What is the remainder when o is divided by 31?
26
Suppose -6*l + 2*l + 36 = 0. Suppose 5*y = 5, -2*s + l = 4*y - 7*y. Calculate the remainder when 17 is divided by s.
5
Suppose -15 = -5*w + 20. What is the remainder when 12 is divided by w?
5
Suppose -3*s + 0*h - 5*h = -18, -s - 3*h + 10 = 0. Suppose 2 + 2 = 2*k. What is the remainder when k is divided by s?
0
Let j = 9 + -24. Let y be 1/3 + 65/j. What is the remainder when 1 + y/2 - -30 is divided by 10?
9
Suppose -5*p = 2*z + 1, -z - 3*z + 3*p + 11 = 0. Calculate the remainder when 10 is divided by z.
0
Let l(w) = w**3 + w**2 + 2*w + 21. Calculate the remainder when l(0) is divided by 6.
3
Let n(q) = 4*q**2 - q - 1. Suppose 4*m + 3 = 15. Suppose 0 = -m*l + 38 + 73. Calculate the remainder when l is divided by n(2).
11
Suppose 4*i = 28 + 24. Calculate the remainder when 36 is divided by i.
10
Let l be (-3 - (-4 - 0))*5. Suppose 5 = 5*z - l. Calculate the remainder when 5 is divided by z.
1
Let w(u) = -u**3 + 8*u**2 - 9*u - 5. What is the remainder when w(5) is divided by ((-3)/(-2) + -1)*14?
4
Suppose -2*p + 9 = p. Suppose 0 = 4*r - p - 5. What is the remainder when r is divided by 1*-2 - 0 - -3?
0
Let r = 131 + -75. Suppose -3*w = -33 - 24. Calculate the remainder when r is divided by w.
18
Suppose -3*y - 18 = -3*b, 5*b + 3*y + 2 = 32. Let p = -5 + 9. What is the remainder when 55 is divided by ((-76)/b)/(p/(-6))?
17
Let z = 13 - 14. What is the remainder when z - 1/((-2)/8) is divided by 3?
0
Suppose -5*l - 8 = 7. Suppose -3*j = -4*j + 38. What is the remainder when j is divided by 2 - (-14 - l) - 0?
12
Suppose 4*t + 0*t = 64. Let v = t - 5. Calculate the remainder when 20 is divided by v.
9
Suppose 13*y - 65 = 8*y. What is the remainder when y is divided by 2?
1
What is the remainder when 76 is divided by 13/4 + -3 + 57/12?
1
Let j(x) be the first derivative of -7*x**2/2 - 10*x + 6. Calculate the remainder when 62 is divided by j(-6).
30
Let b(q) = 8*q + 22. Calculate the remainder when b(6) is divided by 18.
16
Let r = -15 + 47. Let g be 2*9/(-6) - -8. Let v(o) = o**3 - 6*o**2 + 6*o + 6. Calculate the remainder when r is divided by v(g).
10
Suppose z + 7 = 3, -5*i - 5*z = 70. Calculate the remainder when 177/9 + i/15 is divided by 7.
5
Suppose -5*x - 52 = -4*a, 5*x + 0*x = -2*a + 26. Calculate the remainder when 31 is divided by a.
5
Suppose -6 = 7*x + 162. Let s = x + 33. What is the remainder when 53 is divided by s?
8
Suppose 4*k + 19 + 13 = 0. Let r = 18 + k. Calculate the remainder when r is divided by 2 - (-4)/(-2)*-1.
2
Suppose 3*x = -2*h + 5, 0 = x + 4*x + 4*h - 7. Suppose a = -x*n - 3*a + 24, 3*n = 5*a - 3. Calculate the remainder when 6 is divided by n.
2
Let o be -3*(4 + -1 + -4). Suppose 2*z + 8 = o*z. Suppose 0 = g + 4*v - z - 14, 5*g - 65 = -5*v. What is the remainder when 19 is divided by g?
9
Suppose -5*n = -11*n + 90. Calculate the remainder when 74 is divided by n.
14
Suppose 0 = 6*f - 2*f - 132. What is the remainder when f is divided by 18?
15
Let w = 33 + -20. Let t = 7 + w. What is the remainder when 39 is divided by t?
19
Let z = 1 + -2. Let v(c) = -39*c**3 + c**2 + c. What is the remainder when v(z) is divided by 20?
19
Let t = -44 - -55. What is the remainder when 76 is divided by t?
10
Suppose -468 = -5*l + i, 4*l = -i + 81 + 297. Calculate the remainder when l is divided by 19.
18
Let a(j) = -j + 4. Let s be a(-14). Suppose -2*g - s = -5*t + 36, 0 = g - 3. Suppose -2*y = 2*y - 140. Calculate the remainder when y is divided by t.
11
Let c = 47 + -33. Let t be ((-9)/2)/(3/(-4)). Calculate the remainder when c is divided by 9/t*(-20)/(-6).
4
Suppose 0 = -4*h + 2 + 22. Calculate the remainder when 9 is divided by h.
3
Suppose 0 = -3*z + 2*z + 36. What is the remainder when 141 is divided by z?
33
Let k(a) = a**2 - 11*a + 12. Suppose -22 = -6*q + 4*q. What is the remainder when 47 is divided by k(q)?
11
Let b(o) = 7*o**2 + 4*o - 2. What is the remainder when 17 is divided by b(1)?
8
Let t(s) = s + 7. Let o be t(-6). Let x(g) = 3*g**2 + 1. Suppose 12*d - 12 = 8*d. What is the remainder when x(o) is divided by d?
1
Suppose 20 - 1 = n. Calculate the remainder when 37 is divided by n.
18
Let x(s) = 5*s - 15. What is the remainder when 18 is divided by x(5)?
8
Let f(g) = 10*g**2 - g + 1. Let d be 2*(3 + 0)/(-3). Let b be f(d). Suppose 0*t = -t + b. Calculate the remainder when t is divided by 22.
21
Calculate the remainder when 1/2 + (-203)/14*-3 is divided by 16.
12
Suppose -4*v = -5 - 23. Calculate the remainder when 19 is divided by v.
5
Let y(n) = -8*n - 28. Let u = 19 - 13. What is the remainder when y(-7) is divided by u?
4
Suppose -2 = -4*o - 6. Let d = -5 - o. Let z = 14 + d. Calculate the remainder when z is divided by 4.
2
Let c = 107 + -69. Let x = 43 + -29. What is the remainder when c is divided by x?
10
Let g = 39 - 8. What is the remainder when g is divided by -2*26/(-4) + -2?
9
Suppose 2*f - 42 = -f. Calculate the remainder when f is divided by 4.
2
Suppose 0 = 4*c + 3*s - 35, 2 = -c - 5*s - 2. Calculate the remainder when 32 is divided by c.
10
Let i = 1 + 34. Let r = i + -19. Let h = 4 + 2. Calculate the remainder when r is divided by h.
4
Let q(y) = -y**2 - 11*y - 9. Suppose -20 = 4*u + 2*h, 0 = u - 3*h + 8*h + 14. Let s(n) = 12*n - 1. Calculate the remainder when q(u) is divided by s(1).
8
Calculate the remainder when 88 is divided by (-1068)/(-60) - 1/(-5).
16
Suppose 0 = -3*q - 2*q. Suppose -3*z - u + 3*u = -23, -4*u + 20 = q. Calculate the remainder when 19 is divided by z.
8
Let p(g) = -g**2 - 15*g + 44. What is the remainder when 29 is divided by p(-17)?
9
Let i = 20 + -16. Suppose -3*s + 9 = i*n - 4, 5*n + 2*s - 25 = 0. Calculate the remainder when 26 is divided by n.
5
Let q be (-890)/(-55) - 4/22. Suppose -5*p - q + 341 = 0. Calculate the remainder when p is divided by 22.
21
Let p = 305 - -10. What is the remainder when p is divided by 53?
50
Suppose 11*u = 14*u - 42. What is the remainder when u is divided by 8?
6
Suppose 0 = 5*q + 2*n + 6 - 0, 2*q + 2 = -n. Let v be 4/(-10) - (-246)/(-10). Calculate the remainder when 28 is divided by (16/20)/(q/v).
8
Let y = -27 + 43. Suppose h = 3*i - 22, -4*i - 3*h - 14 = -65. What is the remainder when y is divided by i?
7
Let q = 69 + -38. Suppose 4*p + 92 = 4*z, z - 42 = -z - 2*p. Let f = 33 - z. What is the remainder when q is divided by f?
9
Let m(b) = 15*b + 2. Calculate the remainder when 67 is divided by m(1).
16
Suppose 0 = -w - 5*w + 720. Suppose 0 = -4*x - f + w, 5*x = 3*x + 2*f + 60. Calculate the remainder when x is divided by 11.
8
Let f = 13 + -8. What is the remainder when 7 is divided by f?
2
Calculate the remainder when 124/3*(-6)/(-4) is divided by 13.
10
Let r be 0 + 8 + (-3 - -1). Let j = 29 - r. Calculate the remainder when j is divided by 12.
11
Let z(n) = -n**3 - 10*n**2 + n + 1. Let g be z(-10). Let l(o) = -o + 1. What is the remainder when l(g) is divided by 4?
2
Let j be ((-107)/2)/(5/20). Let t = 312 + j. Calculate the remainder when t is divided by 25.
23
Let q = 40 - 37. Let f(k) = k**3 - 5*k**2 + 3*k - 7. Calculate the remainder when f(5) is divided by q.
2
Let d be (-14)/(-4)*8/14. Suppose 5*f - d*f - 75 = 0. What is the remainder when f is divided by 14?
11
Suppose -32 = 3*n + 4. Let y = 14 - 18. What is the remainder when 35 is divided by 4/y*n*1?
11
Let o = 59 + -38. What is the remainder when 82 is divided by o?
19
Let x be (-2 + -1)/3*1. Let b(n) = -76*n**3 - n. Let d = 63 - 37. What is the remainder when b(x) is divided by d?
25
Let z(i) be the third derivative of -i**4/24 - 3*i**2. Let w be z(-4). Suppose w*c + c = 5. Calculate the remainder when 2 is divided by c.
0
Suppose 39 + 12 = a. Calculate the remainder when a is divided by 18.
15
What is the remainder when 21 is divided by -3 + 0 - 14/(-1)?
10
Suppose -12*j + 288 = -0*j. Calculate the remainder when 92 is divided by j.
20
Let i(q) = q**3 - 5*q**2 - 7*q + 9. Suppose 4 = v - 4*c - 0*c, -3*v = 2*c - 12. Calculate the remainder when v is divided by i(6).
1
Let w(n) = 8*n**2 - 6*n**2 + 3*n + 9 - 6*n. Calculate the remainder when w(6) is divided by 16.
15
Calculate the remainder when (-4)/22 + (-67700)/(-275) is divided by 63.
57
Let h(t) = -t**3 - t + 31. Calculate the remainder when h